 29 = -m. Let f be (2 + -7 + 0)*-3. Let z = -6 + f. What is the remainder when m is divided by z?
6
Let z(y) = 31 - 31 + 6*y. Calculate the remainder when 22 is divided by z(2).
10
Calculate the remainder when 92 is divided by 31 - (-1)/(-4)*0.
30
Let a(j) = -j + 5. Let k be a(0). Suppose 4*s = k*s. Suppose s*b - 2*b + 54 = 0. Calculate the remainder when b is divided by 7.
6
What is the remainder when (12/5)/((-24)/(-160)) is divided by 9?
7
Suppose 4*i - 265 = -5*t, -t + 2*i = -31 - 8. Calculate the remainder when t is divided by 13.
10
Suppose -52 = -2*x + 3*t, 0 = 5*t + 5 + 5. Calculate the remainder when x is divided by 9.
5
Let m = 5 + 13. Let c be (-1)/2 - (-5)/10. Suppose 6 = 2*s - 4*b, -14 = -c*s - 3*s + b. Calculate the remainder when m is divided by s.
3
Suppose -12*z + 418 = -50. What is the remainder when 110 is divided by z?
32
Suppose -t - 54 = 2*t. What is the remainder when (-4)/t + (-1236)/(-27) is divided by 12?
10
Let j be -1*(1 - -1) + -9. Let s be 2/j - (-4)/22. Let a(h) = -h**2 - h + 8. What is the remainder when a(s) is divided by 5?
3
Let a = -26 + 49. Let v(i) = 4*i - 1. Let g be v(1). Suppose p - 48 = -g*p. What is the remainder when a is divided by p?
11
Suppose -5*r + 57 = -13. Let h be (-1)/(0 + 2/(-4)). Suppose h*p - 1 - 7 = 0. Calculate the remainder when r is divided by p.
2
Let x be 0 - -2 - 0/1. Suppose p = x*i - 26, 6*i - p = i + 68. What is the remainder when i is divided by 8?
6
Suppose -5*c + 39 = -81. Suppose g + 42 = 4*g. Suppose -l + g = -w, l + w = -w + 11. What is the remainder when c is divided by l?
11
Suppose 12 = n + 7. What is the remainder when 7 is divided by n?
2
Let c = 79 - 74. Suppose -36 = -6*l + 2*l. Calculate the remainder when l is divided by c.
4
Suppose -3*t + 11 = -5*k - 3, 3*t = -5*k + 4. Suppose -t*a + 0*a - 7 = -4*g, -g + 5*a = 11. Calculate the remainder when 7 is divided by g.
3
Suppose -5*t + 3*s + 153 = -81, 3*t - 146 = -s. Calculate the remainder when t is divided by 17.
14
Suppose b + 4*c = -25, 5*b + c + 49 = -0*c. Let r = 24 + b. Let n = 16 - -11. Calculate the remainder when n is divided by r.
12
Let l(r) be the first derivative of -7*r + 7/2*r**2 + 1/3*r**3 + 1. Calculate the remainder when l(-9) is divided by 4.
3
Suppose -4*v + 3*v = 3*r + 35, r - 5*v - 15 = 0. What is the remainder when 6/(-4)*r/3 is divided by 2?
1
Let b(p) = -5*p - 1. What is the remainder when 139 is divided by b(-3)?
13
Let u = -21 + 37. Suppose -3*l + 44 = -u. Let s(y) = -y + 4. What is the remainder when l is divided by s(-3)?
6
Let u = -14 - -26. Calculate the remainder when 21 is divided by u.
9
Let u(q) = q**2 - q + 11. What is the remainder when u(7) is divided by 28?
25
Let n(c) = 16*c**2 + c - 1. What is the remainder when n(1) is divided by -7 + 3 + 1 + 12?
7
Let a = 24 + 4. Calculate the remainder when 111 is divided by a.
27
Let z = -31 - -45. Let u = 16 - 8. Calculate the remainder when z is divided by u.
6
Let u(f) = -f**3 + 15*f**2 + 16*f + 14. Calculate the remainder when 52 is divided by u(16).
10
Let b(h) = h**2 - 16*h + 5. What is the remainder when b(16) is divided by 3?
2
Let t(j) = 5*j + 15. Let q be (-34)/6*1*-3. Suppose 0*c - q = -c. Calculate the remainder when t(7) is divided by c.
16
Let d = -26 - -1. Let b = 41 + d. Calculate the remainder when 45 is divided by b.
13
Let i(h) = h**3 + 9*h**2 + 4*h + 2. Let l = 8 + 9. What is the remainder when i(-4) is divided by l?
15
Suppose -65 = -2*x - 3*c, 3*x - 6*x + 4*c = -72. What is the remainder when x is divided by 8?
4
Suppose -4*t + 150 - 14 = 0. Let a(j) = -j**3 - 7*j**2 + 5*j - 12. What is the remainder when t is divided by a(-8)?
10
Let r(w) = -w**2 - 8*w - 9. Let d be r(-7). What is the remainder when 11 is divided by (-1 - 2)*(d + 1)?
2
Suppose 5*z = -10, 2*z + 81 = 2*x - x. What is the remainder when x is divided by 16?
13
Suppose -2*z + 225 = 35. Suppose 4*d - z = -27. Calculate the remainder when d is divided by 9.
8
Suppose 137*a - 132*a = 65. What is the remainder when 45 is divided by a?
6
Suppose -f + 4*d - 10 = 0, 0 = -2*d - 2*d + 12. Let h(o) = -7*o**2 + 3 - f + o + o**3 + 5 - 2. What is the remainder when h(8) is divided by 26?
24
Let q(r) = -r. Let k(w) = 4*w + 1. Let g be k(-2). What is the remainder when ((-1)/(-2))/((-1)/(-26)) is divided by q(g)?
6
Let t be (36/(-20))/(3/(-15)). Let z be (t/6)/(2/4). Suppose 3*v + z*r - 123 - 45 = 0, 5*v + r = 288. Calculate the remainder when v is divided by 20.
18
Suppose 56 = -5*i + 21. Let p(q) = q**3 + 9*q**2 + 7*q - 2. Calculate the remainder when p(i) is divided by -1 - -1 - (-1 - 15).
15
Suppose -118 = -2*s + 318. Suppose 0*r - 214 = -3*o - 4*r, -3*o - 5*r + s = 0. What is the remainder when o is divided by 17?
15
Let f = 16 + 15. Calculate the remainder when f is divided by 16.
15
Let g(a) = -a**2 - 23*a + 13. Calculate the remainder when g(-14) is divided by 47.
45
Suppose 4*a + 4*g = 68, 4*a - 63 = a + 3*g. What is the remainder when 37 is divided by a?
18
Let a = -2 + 0. Let t = -2 - a. Calculate the remainder when (t - 0) + 11 - 2 is divided by 6.
3
Let w = 145 - -213. What is the remainder when w is divided by 40?
38
Suppose 59 + 310 = 3*n. Calculate the remainder when n is divided by 31.
30
Let a(j) = -6*j - j + 5*j + 1 + j**2. Calculate the remainder when a(5) is divided by 9.
7
Suppose v + 3*v - 20 = 0. Suppose -5*u + 5*n = -15 - 15, 25 = 4*u - v*n. What is the remainder when (-74)/(-4) - 3/(-6) is divided by u?
4
Let i(d) = 3*d**2 - 5. Suppose 0 = x - 2*x + 5. What is the remainder when i(-3) is divided by x?
2
Let y(n) = -n + 30. Calculate the remainder when 16 is divided by y(21).
7
Let c = 5 - 2. Suppose -c*i + 24 = -i. Calculate the remainder when 46 is divided by i.
10
Let x be (-16)/(-9) - (-4)/18. Suppose -x*w = -w + 11. Calculate the remainder when 29 is divided by -1 + (2 - 3)*w.
9
Calculate the remainder when (-160)/(-9) - 10/(-45) is divided by 10.
8
What is the remainder when (-2)/2 + (1 - -11) is divided by 6?
5
Let x = 13 - 14. Let p(y) = -18*y - 1. Calculate the remainder when 33 is divided by p(x).
16
Suppose -k + 109 = 3*r, 0 = 3*r - 6*r + 3*k + 105. Let m be (-21)/(-35) - r/10. Calculate the remainder when 41*(-3 + 0)/m is divided by 21.
20
Suppose 18 = 3*t - 15. Suppose 2*j + 3*n = -n - 2, 3 = -j - n. Let g = 1 - j. Calculate the remainder when t is divided by g.
5
Let v = 10 - 18. What is the remainder when 7 is divided by (8 + -4)*(-10)/v?
2
Suppose 3*a - 48 - 33 = 0. What is the remainder when 105 is divided by a?
24
Suppose -9*a + 139 = 31. Calculate the remainder when 310 is divided by a.
10
Suppose 5*n = 7*n - 8. What is the remainder when 5 is divided by n?
1
Suppose -3*l + 4*i = -208, l - 5*l + i = -286. Calculate the remainder when l is divided by 25.
22
Suppose -6*h = -h - 95. Suppose -11*p + 12*p - 75 = 0. Calculate the remainder when p is divided by h.
18
Let v(l) = 9*l - l**2 - 2 + 0 - 1. What is the remainder when 110/4 - (-3)/6 is divided by v(6)?
13
Let k(t) be the third derivative of -t**4/24 + 2*t**2. Let b be k(-3). Calculate the remainder when 14 is divided by 3/(b + 12/(-5)).
4
Suppose -t + 10 = -4*a - 3, t + 3*a = 41. What is the remainder when t is divided by 10?
9
Suppose 24*l = 22*l + 4. What is the remainder when 19 is divided by l?
1
Let v(b) = 179*b. Let r be v(1). Suppose -2*i = -5*s - 6 + r, 5*s - 177 = 3*i. What is the remainder when s is divided by (-10)/(-15)*51/2?
16
What is the remainder when (5 - 1) + -1 + 17 is divided by 11?
9
Let p = -30 - -33. Calculate the remainder when 10 is divided by p.
1
Let m be 2*(4 + -1)/3. Suppose m*q = q + 1. Suppose 20 + q = 4*y + 3*c, 7 = 3*y + 4*c. What is the remainder when 25 is divided by y?
7
Suppose 30 + 14 = 2*g. Suppose -29 = -3*s + 7. What is the remainder when g is divided by s?
10
Let j = 41 + -24. Let h = j + -11. What is the remainder when 40 is divided by 8/h*126/12?
12
Suppose g - 20 = -3*g. Suppose -4*d + 45 = g*c, 4*c - 8 = -5*d + 46. Calculate the remainder when (-2)/6 - (-425)/15 is divided by d.
8
Suppose 7*r - 3*r = 0. Suppose -3*i + 6*i - 51 = r. Suppose f = 2*f - i. What is the remainder when f is divided by 6?
5
Let r(b) = 4*b - 3. Suppose 0 = 2*w - 4*w + 76. Calculate the remainder when w is divided by r(4).
12
Let x(c) = 15*c**2 - 6*c 